b). Let j(u) = -u - 7. Let p(x) = 6*f(x) + 17*j(x). What is p(1)?
8
Let k(d) be the first derivative of 1/3*d**3 + 7/2*d**2 - 7*d + 9. Calculate k(-7).
-7
Let b be 1 + 1 - (2 - 9). Let t = b + -9. Let q(i) be the third derivative of i**6/120 + i**4/24 + 7*i**3/6 - 14*i**2. Determine q(t).
7
Suppose -2*t = -0*t + 14. Let u(z) = z**3 + 8*z**2 + 8*z + 5. Let k be u(t). Let d(s) = -48*s**2 + 1 + 51*s**2 + 6*s**3 - 3*s**3 - 2. What is d(k)?
-13
Let k(x) = x**2 - x. Let d(c) = 6*c**2 - 17*c + 13. Let y(p) = -d(p) + 5*k(p). Calculate y(10).
7
Let t(d) = -d**2 - 6*d - 6. Let v = -153 + 148. Determine t(v).
-1
Suppose 2*u + 3*u + 310 = 5*f, -3*f - 286 = 5*u. Let p = u - -53. Let o(x) = -x**2 - 7*x + 1. Calculate o(p).
7
Let b(i) be the third derivative of i**4/8 + 35*i**3/6 + 9*i**2. Let t be b(-13). Let w(o) = 2*o + 5. Calculate w(t).
-3
Suppose -25 = -0*z + 5*z. Let c(o) be the third derivative of 0 + 1/2*o**3 + 10*o**2 + 1/12*o**4 + 0*o. Determine c(z).
-7
Suppose 4*s - 32 = 3*q, 4*s + 2*q = 4 + 8. Suppose z - s*z = 4*u - 8, 2 = -3*u + 5*z. Let k(b) = 14 + 189*b - 188*b - 14. Calculate k(u).
1
Suppose 3*a - h - 25 = -2*a, -3*h - 15 = 0. Suppose w = 4*d + 2, w + a*d + 62 = -4*w. Let r = 14 + w. Let j(m) = -2*m - 3. What is j(r)?
-11
Let f(d) be the first derivative of -d**4/4 - 8*d**3/3 - 9*d**2/2 + 85. Determine f(-6).
-18
Let n be (-12)/((8/(-3))/((-28)/(-42))). Let m(b) = 4*b**3 - 5*b**2 + 2*b + 3. Give m(n).
72
Let m(r) be the second derivative of r**3/3 + 2*r**2 + 7*r. Let x = -17 - -32. Suppose -3 + x = 3*z. Determine m(z).
12
Let q(m) = m - 9. Let g be q(-4). Let c(v) = -v**3 - 12*v**2 + 8*v - 14. Calculate c(g).
51
Let q be (-12)/(-2)*2/6. Let y(t) = 4*t**3 + 1 + 0 + 74*t**2 - 1 - 3*t + 1 - 75*t**2. Calculate y(q).
23
Let j(i) = i**3 - 4*i**2 - 2*i + 2. Let w be 100/15*(-6)/4*-1. Let x(v) = v**3 - 9*v**2 - 10*v - 2. Let y be x(w). What is j(y)?
-18
Let k(s) = -14*s**2 + 4*s - 13. Let w(p) = 5*p**2 - p + 4. Let t(o) = 6*k(o) + 17*w(o). Let v = -7 - 1. Give t(v).
-2
Let h(q) = -8*q - 3. Let g(a) = -23*a - 10. Let f(v) = -6*g(v) + 17*h(v). Let i = 93 - 98. Let t be (-3)/9*(i + 23). Give f(t).
-3
Let d(t) = -671953 + 2*t + 671953. Calculate d(-2).
-4
Let c(i) be the second derivative of -1/60*i**5 + 0 + 1/2*i**2 + 0*i**3 + 8*i + 0*i**4. Let x(l) be the first derivative of c(l). Give x(0).
0
Let p(a) = 3*a**2 - 2*a + 3. Suppose 0 = -2*b + 2*c + 8, -b - 4*c - 10 - 6 = 0. Let w be (16/6 - b) + (-60)/90. What is p(w)?
11
Let u(p) = p**2 - 4*p**2 + 0*p**2. Let f be ((-15)/20)/((-24)/(-64)). What is u(f)?
-12
Let t(w) = -w**2 + 8*w - 10. Let k be t(5). Suppose -z = -y + 6, z = -0*z + k*y - 18. Let g(i) = -i**2 + 2*i + 2. Determine g(z).
-13
Let i = -1387 - -1403. Let m(s) = s**3 - 17*s**2 + 15*s + 28. Give m(i).
12
Let n(u) be the first derivative of -1/2*u**2 + u**3 + 0*u + 13 - 1/4*u**4. Determine n(3).
-3
Let t(b) = -2*b**2 - b + 1. Let j(a) = -11*a**2 - 9*a + 3. Let n(q) = -j(q) + 5*t(q). Give n(-5).
7
Let l(t) be the third derivative of t**5/60 + t**4/4 + 4*t**3/3 - 4*t**2 + 14*t. Determine l(-5).
3
Let y = 119 + -142. Let k = y + 30. Let u(l) = -l**2 + 5*l - 1. Determine u(k).
-15
Let x(i) = -4*i - 18. Let l be x(-8). Suppose 2*q - g = -l + 17, 4*q - 4*g = 0. Let t(r) = r**2 + 2*r - 3. Calculate t(q).
12
Let r(q) = -8*q**2 + 2*q + 2. Let a(p) = 9*p**2 - 2*p - 3. Let n = 2 + -6. Let m(x) = n*r(x) - 3*a(x). Let t = 4 + -3. Determine m(t).
4
Let k be (2/(-21)*-6)/(2/(-7)). Let n(i) = -2*i - 4 + i + 0*i. Give n(k).
-2
Let g(d) = 14*d**2 - 2*d - d**3 - 15*d**2 - 4 - 4*d**2. Determine g(-5).
6
Let d(s) be the first derivative of s**4/2 + 2*s**3/3 + s**2/2 + 150. Calculate d(-1).
-1
Let d(z) = -21*z - 522. Let s be d(-25). Let j(m) = 2*m**3 + 2*m**2 + 7*m - 4. Let q(a) = -a**3 - a + 1. Let u(x) = j(x) + 3*q(x). Determine u(s).
2
Let a(b) = -3*b + 1. Let t = 34 - 31. Let u be (-1)/1*2 + 5. Suppose 6*r - t*r - u = 0. Give a(r).
-2
Let h(u) = u**2 - 2*u - 2. Let n be h(-3). Suppose 0 = -2*i + 2*z + 16, 4*z = 2*i - 13 - n. Let g(f) = f - 51*f**2 + 0*f + 52*f**2 + f**i. Give g(-2).
-6
Let c(s) = 2*s**2 - 8*s + 3. Suppose 0 = o - 2, 3*f + 45*o - 42*o - 15 = 0. Determine c(f).
-3
Let i(j) = j**3 - 6. Suppose 0*p + 247 = 3*m - p, 0 = -m + 4*p + 86. Let f = m - 82. Determine i(f).
-6
Let t(d) = -d**3 - 8*d**2 - 8. Let w(r) = 2*r**2 + 9*r + 14. Let q be w(-6). Suppose 30*g - 26*g = -q. Determine t(g).
-8
Let u(r) be the third derivative of r**6/180 + r**5/60 + r**4/8 - 23*r**2. Let a(n) be the second derivative of u(n). Suppose 6 = 2*g - 0*g. Give a(g).
14
Suppose -3*g + 12*g = g. Let s(n) = -n - 7. What is s(g)?
-7
Let g(v) be the third derivative of -1/120*v**6 + 0*v + 0 + 2/3*v**3 + 47*v**2 - 1/12*v**5 + 1/3*v**4. What is g(-6)?
-8
Let b = -9 + 27. Suppose -k + b = 2*k. Let j(z) = z + 1. Let d(v) = 3*v. Let u(i) = -d(i) + 2*j(i). Give u(k).
-4
Let w = 4 + 1. Let x(p) = p + 4. Let d(q) = -q - 1. Let c(o) = -2*d(o) - x(o). Let k be c(w). Let n(t) = t**2 - t - 4. Determine n(k).
2
Let n(r) be the first derivative of r**2/2 + 5*r - 209. Give n(-5).
0
Suppose 0 = 18*r - 7 - 47. Let j(h) be the third derivative of 0 - 2*h**2 - 1/12*h**4 + 0*h + 3/2*h**r. Determine j(6).
-3
Let t(d) = -2*d + 3. Let r(o) = 2*o - 2. Let x(g) = 3*r(g) + 4*t(g). Suppose 31 - 1 = 5*h. Give x(h).
-6
Let z(r) = -r - 3. Let s(n) = -n - 2. Let m(h) = 4*s(h) - 3*z(h). Suppose -2*f - 5*j = -11, -16*f + 11 = -20*f + j. Give m(f).
3
Let c(y) = -y**3 + 7*y**2 - 4*y + 6. Suppose -3*m + m + 14 = 0. Calculate c(m).
-22
Let p = 17 - 24. Let v = -5 - p. Let b(y) = -y**3 + y**2 - y + 1. Let f be b(v). Let n(a) = a**2 + 5*a - 3. Calculate n(f).
-3
Suppose 6*h - 20 = 2*h, d + 5*h - 16 = 0. Let a(z) = -z - 16. Determine a(d).
-7
Let c(w) = -w + 7. Suppose -4*t + 5 = -7. Suppose -4*p + 20 = 2*a, t*a + 20 = 3*p + p. Determine c(a).
7
Let z(q) = -q + 1. Let l(g) = -5*g - 1. Let u(d) = -l(d) - 2*z(d). Give u(-1).
-8
Let u(s) = -s**2 + 7. Let w(q) = -6*q**2 + 20*q - 19. Let t be w(1). Calculate u(t).
-18
Let l(r) = 7*r - 86. Let m be l(12). Let k(d) = -2 - 2 + 7 - 1 + 2*d. Give k(m).
-2
Let x(g) be the third derivative of -1/8*g**4 + 0*g + 1/2*g**3 - 1/180*g**6 + 0 - 1/60*g**5 + 4*g**2. Let c(u) be the first derivative of x(u). What is c(-2)?
-7
Let a(b) = -b - 1 + 3 + 24270*b**2 - 24269*b**2. Calculate a(3).
8
Let c(b) be the first derivative of b**4/4 + 5*b**3/3 + 3*b**2 + 4*b + 14. Suppose 0 = -4*a + w - 26, w = 2*a - 2*w + 18. Let k be 1/(3/a) - 2. Give c(k).
-4
Let k(i) = -i**3 + 11*i**2 - 3*i - 3. Let x(y) = y**3 - y**2 + y. Let t(n) = -k(n) - 2*x(n). Give t(-9).
-6
Let v = 455 + -452. Let i(k) be the third derivative of 1/6*k**v + 0*k + 0 - k**2 + 1/24*k**4. Calculate i(3).
4
Let d(j) = -11*j - 1. Let m(a) be the second derivative of a**4/12 + 5*a**3/6 - 13*a**2/2 + 49*a. Let n be m(-7). Determine d(n).
-12
Let q(x) = -7*x**2 + 20*x - 11. Let h be q(2). Let m(p) = -3*p + 1. Give m(h).
-2
Let t be (-6)/(-8)*(-1 - -17). Let w = 248 + -241. Suppose -h + w = -3*g, -3*h = 2*g + 35 - t. Let b(a) = -3*a - 5. Calculate b(g).
7
Let l(z) be the third derivative of z**4/8 + 5*z**3/6 + 37*z**2. What is l(-5)?
-10
Suppose 8*o + 105 = -7*o. Let r(w) = -w**2 - 5*w + 9. What is r(o)?
-5
Let v = -412 + 416. Let x(q) be the first derivative of 0*q + v - 1/2*q**2 - 1/3*q**3. What is x(-1)?
0
Suppose 3*z + 0 = 12. Suppose 0 = 2*k - z + 14. Let y(w) = 4*w - 1. Let c(f) = f - 2. Let m(r) = c(r) - y(r). What is m(k)?
14
Let o(w) = w**3 - 2 - 11 + 6*w**2 + 1 + w - 3*w. What is o(-6)?
0
Let j(i) = 2*i**2 + 3*i - 4. Let o(w) = 4*w**2 + 7*w - 9. Let a(g) = -14*j(g) + 6*o(g). Suppose -47 = -4*s - 55. Give a(s).
-14
Let s(a) be the second derivative of -a**4/6 - 5*a**3/6 - 2*a + 41. Calculate s(-5).
-25
Let x(d) = -6*d**3 - 10*d**2 - 8*d - 10. Let h(r) = -5*r**3 - 9*r**2 - 7*r - 9. Let j(w) = 7*h(w) - 6*x(w). What is j(4)?
9
Let v(w) be the second derivative of -w**3/6 - 2*w**2 - 157*w. Determine v(-7).
3
Let v(p) = -2*p**2. Let k(i) = i**3 - 5*i**2 + 5*i - 3. Suppose 5*x - x - 24 = 4*n, -10 = -x + 3*n. Let a be k(x). Give v(a).
-2
Let h(k) = -125*k**3 - 3 - 4*k + 4*k - k**2 + 124*k**3. Determine h(-3).
15
Let c(g) = 10 + 7 - 40 + g + 8 + 8. Suppose -10 = -d - d. Give c(d).
-2
Let t(d) = -d**3. Let q be -84 + 79 - (0 + -1*7). D